of n and 130.
26
Let q be ((-2)/3)/(3/(-63)). Suppose 4*m - q = 3*a, 0 = -2*a - a - 2*m + 16. Suppose 6*c = a*c + 36. What is the highest common divisor of 3 and c?
3
Let y = -155 - -272. Let q = -1128 - -1206. Calculate the greatest common divisor of y and q.
39
Let p be 15740/30 + (-16)/(-12). Let v = 557 - p. Calculate the highest common divisor of v and 1457.
31
Suppose 130*y - 5081 = -4*s + 127*y, 0 = 4*s + 2*y - 5082. What is the highest common factor of 123 and s?
41
Suppose -11*g + 4*g + 84 = 0. Suppose -i - 4*n + 98 = 0, -4*n - g = -n. Let w = i - 58. Calculate the greatest common divisor of 7 and w.
7
Suppose 0 = 5*u - w - 1659, -w = -2*u + 389 + 271. Calculate the greatest common divisor of 2886 and u.
111
Let o be 90*((-174)/(-15) - 10). Suppose 0 = -7*a + 3*a + 16. Suppose a*b = -7 + 71. What is the greatest common divisor of b and o?
16
Suppose -3*v + 516 = 3*u, 3*v - u - 520 = -5*u. What is the highest common factor of 1704 and v?
24
Let q(d) = 2*d**2 - 72*d - 288. Let z be q(-4). Calculate the greatest common factor of z and 112.
16
Let m(p) = p**3 + 58*p**2 + 110*p + 320. Let h be m(-56). Calculate the greatest common factor of 816 and h.
48
Let k(w) = -7*w**2 + 2 + 2*w + w + 6*w + w**3. Let s be k(7). Let c be ((-13)/3)/((36022/84)/31 - 14). What is the greatest common divisor of s and c?
13
Suppose -8*m + 14*m - 354 = 0. Suppose -m = -3*n + q, 3*n + 4*q - 31 = 3. What is the greatest common factor of 36 and n?
18
Let u be (2 - -37) + (1 - (-11)/(-11)). Let y = u - -93. Calculate the highest common factor of y and 308.
44
Let y = 25699 - 25580. Calculate the highest common factor of 1897 and y.
7
Let x(h) = -h**3 - 37*h**2 + 34*h - 150. Let v be x(-38). What is the greatest common factor of v and 238?
2
Suppose 6*x = 2*x - 36. Let u be (-313)/x - (-2)/9. Suppose -2*g - 22 = -3*i + 3*g, 4*i - 5*g - 36 = 0. Calculate the highest common divisor of i and u.
7
Let o(p) = 8*p**2 + 521*p + 72. Let r be o(-65). What is the greatest common divisor of 19 and r?
1
Let n be (-78)/(-2) - (6 - 4). Let u = -2956 - -2957. Calculate the highest common factor of n and u.
1
Let o be ((-71)/142)/(2/(-12)). What is the greatest common divisor of 1059 and o?
3
Let p = -3 - -8. Suppose 3*s - 373 = -p*q, 2*s + 3*s - 605 = -5*q. Let j = s - 81. Calculate the greatest common factor of j and 5.
5
Suppose -44*b = -33*b + 132. Let k = b + 156. Calculate the highest common divisor of 18 and k.
18
Let y = 2612 - 2594. Calculate the highest common divisor of 3006 and y.
18
Let v = -830 - -833. Suppose 7 = -2*x - u, 3*u - 4*u - 16 = 5*x. Let c(o) = -4*o + 3. Let y be c(x). Calculate the highest common divisor of v and y.
3
Let a(u) = -6*u**3 - u**2 - 4*u. Let d(j) = -j**3 - j**2 + 1. Let z(l) = a(l) + 3*d(l). Let g be z(-4). Calculate the greatest common factor of g and 59.
59
Let l(k) = 5*k**2 + 190*k + 24. Let w be l(-38). Suppose 4*u = 2*n + 3*u - 5, 0 = -n + 3*u + 5. Calculate the highest common factor of w and n.
2
Let b(x) = -x**2 + 27*x - 37. Let m be b(18). Calculate the greatest common factor of 5875 and m.
125
Let j be (-27272)/(-126) + (-44)/99. Calculate the highest common divisor of 1188 and j.
108
Suppose -2*l = -2*b - 3082, -3*l + 3109 + 1550 = 3*b. Calculate the highest common divisor of l and 952.
119
Let d = -61 - -31. Let j be (-4 + 0)*(-3)/(d/5). Let l be 5 + j/1*-2. Calculate the greatest common divisor of 27 and l.
9
Suppose 109*z = 268*z + 158*z - 9193. What is the highest common factor of 6786 and z?
29
Suppose 36 = 6*j, 4*w = 4*j - 999 + 1167. Calculate the highest common factor of w and 228.
12
Let q = 79 - 75. Suppose 0 = q*d - a - 51, -15*a + 16*a = 1. Calculate the greatest common divisor of d and 403.
13
Let q(v) = -254*v - 747. Let f be q(-3). Calculate the greatest common divisor of 486 and f.
3
Let w be -1*(2 - (-621)/(-3)). Let k = -50707 - -50712. What is the highest common divisor of k and w?
5
Suppose -5*k + 408*u - 411*u = -453, -69 = -k + 3*u. Let i(t) = t**2 - 4*t - 2. Let b be i(-6). Calculate the greatest common divisor of b and k.
29
Let p be -38 + (-25 - -101) - 19. Let d(q) = 51*q - 1. Let j be d(3). What is the greatest common divisor of j and p?
19
Let t be (1 + -12)*(6 - 7). Suppose 6*m - t*m = -145. Let h be (-12 + (-912)/(-18))*(-6)/(-4). Calculate the highest common divisor of m and h.
29
Suppose -18*j = -26*j - 392. Let w be (-1533)/j + (-3 - 19/(-7)). What is the highest common divisor of 31 and w?
31
Let z be (48/(-10))/((-37 - -77)/(-600)). What is the greatest common divisor of 6660 and z?
36
Let w be 22 - ((0 - 1) + 2). Suppose 5*y - 2 = -2*a, 23*y = 20*y. Let g be 15/a - (56 + -48). Calculate the greatest common divisor of w and g.
7
Let i(f) = 2*f**2 - 9*f - 7. Let j be i(6). Let z(d) = d - 8. Let h be z(11). Suppose -w - h = -4*w. What is the highest common divisor of w and j?
1
Let y = 3321 + -2617. Calculate the highest common divisor of y and 154.
22
Let g(k) = -1956*k + 9825. Let d be g(5). What is the highest common factor of 3609 and d?
9
Suppose 25*m + 1 - 54 = -3. What is the highest common divisor of 2244 and m?
2
Suppose -2*q + 252 - 208 = 0. Let l = -63 + 217. Calculate the greatest common factor of l and q.
22
Suppose -u + 2*d + 1 = -19, -2*u - d + 25 = 0. Suppose 0 = -u*a - 501 + 137. Let i = a - -50. What is the greatest common factor of 216 and i?
24
Let k be 19506/114 - (-34)/(-323). What is the greatest common factor of 1425 and k?
57
Suppose 1726*k - 160 = 1718*k. Calculate the highest common divisor of 640 and k.
20
Let v(i) = i**3 - i**2 + i + 42. Let x be v(0). Let y be (-11)/((-198)/24)*123/2. Let w = y - x. What is the highest common divisor of w and 10?
10
Suppose -35*y + 20 = -39*y, -u = 2*y - 366. Calculate the highest common factor of 2162 and u.
94
Let a = -199 - -205. Suppose -3*h + 28 = 4*o, 0 = o - 2*o - 2. What is the highest common divisor of h and a?
6
Let m = 7 - 7. Let j(u) = 6*u**3 + m*u**3 - u**2 + 2 - 7*u**3 + 8*u - 12. Let i be j(-7). Calculate the highest common divisor of i and 38.
38
Suppose 471 = 3*o - 504. Suppose -12*q + 323 = -o. What is the highest common factor of 54 and q?
54
Suppose -566*t + 571*t - 520 = 0. Calculate the highest common factor of 80 and t.
8
Let i = -33 - -35. Suppose -i*s + 4 + 26 = -3*q, -4*s + 100 = 4*q. Suppose c = s - 5. What is the greatest common factor of 32 and c?
16
Let l be (-526)/(-40) - (-1308)/(-8720). Let w(y) = 102*y - 5. Let s be w(4). Calculate the greatest common factor of l and s.
13
Suppose 0 = -6*f + 30, 5*k - 2*f = -0*f + 810. Calculate the greatest common divisor of k and 3895.
41
Let d(u) = u**3 + 15*u**2 - 22*u - 10. Let y be d(-17). Let q = y + 232. What is the greatest common factor of q and 486?
18
Let j be 2/8 + (-1836)/(-16) + 5. Suppose -2*a = -j - 8. Calculate the highest common divisor of a and 112.
16
Suppose -7*y + 6*y = 4*u - 17747, 2*y - 8878 = -2*u. What is the greatest common factor of 4 and u?
4
Let m = -2317 - -2330. Let k = 1825 - 1136. What is the highest common factor of k and m?
13
Suppose 4669 = -60*h + 15829. Calculate the greatest common divisor of h and 186.
186
Let g(t) = -2*t**3 + 31*t**2 - 33*t + 36. Let b be g(14). Calculate the highest common factor of b and 1350.
54
Suppose 21*q + 312 = -18*q. Let u(s) = -19*s - 44. Let j be u(q). Calculate the greatest common divisor of 54 and j.
54
Let z(c) = 21*c - 36. Let k be z(8). Let v be k + (-5)/(5 - 4) - -5. Calculate the highest common divisor of v and 36.
12
Let s = 5405 - 5279. What is the greatest common divisor of s and 8001?
63
Let d = 34 - -155. Let y = -9 - -11. Let m be y/(-6)*(-60 - 3). What is the highest common factor of m and d?
21
Let t = -6543 + 6669. Calculate the highest common factor of t and 78.
6
Suppose -41*v + 12162 = -12601 + 5534. What is the greatest common factor of 1139 and v?
67
Suppose -2*t + 10 + 30 = 0. Let v(l) = -200*l - 3220. Let h be v(-17). Calculate the greatest common divisor of t and h.
20
Suppose 7*i - 436 = 831. Let p = i + -155. Calculate the greatest common divisor of 39 and p.
13
Let k(o) = -6*o**3 - o**2 - 3*o - 24. Let i be k(4). Let h = 508 + i. Let x be 719/4 - 2/(-8). Calculate the greatest common factor of h and x.
36
Let k(g) = 1458*g + 129. Let x be k(1). What is the greatest co